{"id":43,"date":"2019-10-12T14:00:53","date_gmt":"2019-10-12T19:00:53","guid":{"rendered":"http:\/\/pasogalope.com\/web\/?page_id=43"},"modified":"2019-10-14T22:19:54","modified_gmt":"2019-10-15T03:19:54","slug":"nuestros-propositos","status":"publish","type":"page","link":"http:\/\/pasogalope.com\/web\/nuestros-propositos\/","title":{"rendered":"Nuestros Prop\u00f3sitos"},"content":{"rendered":"\t\t<div data-elementor-type=\"wp-page\" data-elementor-id=\"43\" class=\"elementor elementor-43\">\n\t\t\t\t\t\t<div class=\"elementor-inner\">\n\t\t\t\t<div class=\"elementor-section-wrap\">\n\t\t\t\t\t\t\t\t\t<section class=\"elementor-section elementor-top-section elementor-element elementor-element-06f2c6d elementor-section-boxed elementor-section-height-default elementor-section-height-default\" data-id=\"06f2c6d\" data-element_type=\"section\">\n\t\t\t\t\t\t<div class=\"elementor-container elementor-column-gap-wide\">\n\t\t\t\t\t\t\t<div class=\"elementor-row\">\n\t\t\t\t\t<div class=\"elementor-column elementor-col-50 elementor-top-column elementor-element elementor-element-6712482\" data-id=\"6712482\" data-element_type=\"column\">\n\t\t\t<div class=\"elementor-column-wrap elementor-element-populated\">\n\t\t\t\t\t\t\t<div class=\"elementor-widget-wrap\">\n\t\t\t\t\t\t<div class=\"elementor-element elementor-element-00a8641 elementor-widget elementor-widget-text-editor\" data-id=\"00a8641\" data-element_type=\"widget\" data-widget_type=\"text-editor.default\">\n\t\t\t\t<div class=\"elementor-widget-container\">\n\t\t\t\t\t\t\t\t<div class=\"elementor-text-editor elementor-clearfix\">\n\t\t\t\t<p>Fomentar y difundir todas las actividades ecuestres en el Per\u00fa y de peruanos en el mundo, dando \u00e9nfasis a la actividad deportiva y cultural que enmarca el caballo en nuestra sociedad.<\/p><p>Promover el cuidado y protecci\u00f3n del caballo.<\/p><p>Incentivar la camarader\u00eda entre los participantes, la inclusi\u00f3n y el respeto, sin importar religi\u00f3n, credo, g\u00e9nero o creencias pol\u00edticas.<\/p><p>Contribuir con la sociedad a trav\u00e9s de la promoci\u00f3n de los valores en la cultura ecuestre.<\/p>\t\t\t\t\t<\/div>\n\t\t\t\t\t\t<\/div>\n\t\t\t\t<\/div>\n\t\t\t\t<div class=\"elementor-element elementor-element-6896f7f elementor-widget elementor-widget-image\" data-id=\"6896f7f\" data-element_type=\"widget\" data-widget_type=\"image.default\">\n\t\t\t\t<div class=\"elementor-widget-container\">\n\t\t\t\t\t\t\t\t<div class=\"elementor-image\">\n\t\t\t\t\t\t\t\t\t\t\t\t<img width=\"736\" height=\"490\" src=\"http:\/\/pasogalope.com\/web\/wp-content\/uploads\/2019\/10\/SALTO.jpg\" class=\"attachment-large size-large\" alt=\"\" loading=\"lazy\" srcset=\"http:\/\/pasogalope.com\/web\/wp-content\/uploads\/2019\/10\/SALTO.jpg 736w, http:\/\/pasogalope.com\/web\/wp-content\/uploads\/2019\/10\/SALTO-300x200.jpg 300w, http:\/\/pasogalope.com\/web\/wp-content\/uploads\/2019\/10\/SALTO-380x254.jpg 380w\" sizes=\"(max-width: 736px) 100vw, 736px\" \/>\t\t\t\t\t\t\t\t\t\t\t\t\t\t<\/div>\n\t\t\t\t\t\t<\/div>\n\t\t\t\t<\/div>\n\t\t\t\t\t\t<\/div>\n\t\t\t\t\t<\/div>\n\t\t<\/div>\n\t\t\t\t<div class=\"elementor-column elementor-col-50 elementor-top-column elementor-element elementor-element-0b0f5d4\" data-id=\"0b0f5d4\" data-element_type=\"column\">\n\t\t\t<div class=\"elementor-column-wrap elementor-element-populated\">\n\t\t\t\t\t\t\t<div class=\"elementor-widget-wrap\">\n\t\t\t\t\t\t<div class=\"elementor-element elementor-element-92a8892 elementor-widget elementor-widget-image\" data-id=\"92a8892\" data-element_type=\"widget\" data-widget_type=\"image.default\">\n\t\t\t\t<div class=\"elementor-widget-container\">\n\t\t\t\t\t\t\t\t<div class=\"elementor-image\">\n\t\t\t\t\t\t\t\t\t\t\t\t<img width=\"630\" height=\"945\" src=\"http:\/\/pasogalope.com\/web\/wp-content\/uploads\/2019\/10\/ENDURANCE.jpg\" class=\"attachment-large size-large\" alt=\"\" loading=\"lazy\" srcset=\"http:\/\/pasogalope.com\/web\/wp-content\/uploads\/2019\/10\/ENDURANCE.jpg 630w, http:\/\/pasogalope.com\/web\/wp-content\/uploads\/2019\/10\/ENDURANCE-200x300.jpg 200w\" sizes=\"(max-width: 630px) 100vw, 630px\" \/>\t\t\t\t\t\t\t\t\t\t\t\t\t\t<\/div>\n\t\t\t\t\t\t<\/div>\n\t\t\t\t<\/div>\n\t\t\t\t\t\t<\/div>\n\t\t\t\t\t<\/div>\n\t\t<\/div>\n\t\t\t\t\t\t\t\t<\/div>\n\t\t\t\t\t<\/div>\n\t\t<\/section>\n\t\t\t\t\t\t\t\t\t<\/div>\n\t\t\t<\/div>\n\t\t\t\t\t<\/div>\n\t\t","protected":false},"excerpt":{"rendered":"<p>Fomentar y difundir todas las actividades ecuestres en el Per\u00fa y de peruanos en el mundo, dando \u00e9nfasis a la actividad deportiva y cultural que enmarca el caballo en nuestra sociedad. Promover el cuidado y protecci\u00f3n del caballo. Incentivar la camarader\u00eda entre los participantes, la inclusi\u00f3n y el respeto, sin importar religi\u00f3n, credo, g\u00e9nero o&hellip;<\/p>\n<p class=\"more-link\"><a href=\"http:\/\/pasogalope.com\/web\/nuestros-propositos\/\" class=\"themebutton2\">Leer m\u00e1s<\/a><\/p>\n","protected":false},"author":1,"featured_media":0,"parent":0,"menu_order":0,"comment_status":"closed","ping_status":"closed","template":"","meta":[],"_links":{"self":[{"href":"http:\/\/pasogalope.com\/web\/wp-json\/wp\/v2\/pages\/43"}],"collection":[{"href":"http:\/\/pasogalope.com\/web\/wp-json\/wp\/v2\/pages"}],"about":[{"href":"http:\/\/pasogalope.com\/web\/wp-json\/wp\/v2\/types\/page"}],"author":[{"embeddable":true,"href":"http:\/\/pasogalope.com\/web\/wp-json\/wp\/v2\/users\/1"}],"replies":[{"embeddable":true,"href":"http:\/\/pasogalope.com\/web\/wp-json\/wp\/v2\/comments?post=43"}],"version-history":[{"count":6,"href":"http:\/\/pasogalope.com\/web\/wp-json\/wp\/v2\/pages\/43\/revisions"}],"predecessor-version":[{"id":111,"href":"http:\/\/pasogalope.com\/web\/wp-json\/wp\/v2\/pages\/43\/revisions\/111"}],"wp:attachment":[{"href":"http:\/\/pasogalope.com\/web\/wp-json\/wp\/v2\/media?parent=43"}],"curies":[{"name":"wp","href":"https:\/\/api.w.org\/{rel}","templated":true}]}}